682681738 a multiple of 2564?
False
Is 18 a factor of 9271170?
True
Does 202 divide 11442290?
True
Is 9 a factor of 8587299?
False
Is 285 a factor of 293188620?
True
Is 4534 a factor of 342559935?
False
Does 58 divide 6210256791?
False
Is 790219 a multiple of 7?
False
Is 3697015128 a multiple of 5323?
True
Is 10224290 a multiple of 1557?
False
Is 3621424 a multiple of 16?
True
Is 494089 even?
False
Is 13 a factor of 21414614?
True
Is 469 a factor of 495968438?
True
Is 6 a factor of 951710850?
True
Does 2 divide 77473789?
False
Is 307 a factor of 77012792?
True
Does 6 divide 1239606498?
True
Is 51885110 a multiple of 40?
False
Does 16 divide 825839232?
True
Does 11 divide 1550899276?
False
Is 1668 a factor of 20830244?
False
Is 2 a factor of 63648683?
False
Is 4783261 a multiple of 261?
False
Does 239 divide 18669101?
False
Does 670 divide 216643830?
True
Does 41 divide 216006501?
False
Is 41 a factor of 1009678923?
False
Is 67860078 a multiple of 11?
True
Does 390 divide 109242510?
True
Is 1031321151 a multiple of 469?
True
Does 163 divide 39242411?
False
Is 291540711 a multiple of 11?
True
Does 389 divide 67399281?
False
Is 2592 a factor of 2073288015?
False
Does 53 divide 329815926?
True
Is 670116038 a multiple of 1713?
False
Is 23 a factor of 63740153?
True
Does 28 divide 113107904?
True
Is 621923346 a multiple of 1474?
True
Is 3959813 a multiple of 659?
False
Is 105090560 a multiple of 31?
False
Is 399 a factor of 180126555?
True
Is 3351008318 a multiple of 958?
True
Does 1461 divide 313695693?
True
Is 365431014 a multiple of 702?
True
Does 1049 divide 37321322?
True
Is 381251695 a multiple of 26?
False
Is 8 a factor of 34007128?
True
Is 366691680 a multiple of 160?
True
Does 37 divide 35788245?
False
Is 71 a factor of 365352830?
False
Does 3850 divide 772079000?
True
Is 12 a factor of 116800056?
True
Does 608 divide 1357951?
False
Is 24821015 a multiple of 565?
True
Is 19297694 a multiple of 695?
False
Is 64 a factor of 246688128?
True
Is 15213014 a multiple of 1455?
False
Is 3165791090 a multiple of 8?
False
Does 91 divide 186413773?
True
Is 116 a factor of 22814996?
True
Is 1477575550 a multiple of 53?
False
Is 74848685 a multiple of 536?
False
Is 8 a factor of 297022596?
False
Does 3730 divide 890829441?
False
Is 69 a factor of 11078669?
False
Does 8 divide 1299466608?
True
Is 15 a factor of 6304781?
False
Is 4304357 a multiple of 169?
False
Is 1671 a factor of 111110637?
False
Is 53520023 a multiple of 2533?
False
Is 1373 a factor of 4944362474?
True
Does 63 divide 2943283392?
True
Is 82758808 a multiple of 58?
True
Does 211 divide 136702891?
True
Is 655 a factor of 20982270?
True
Is 8 a factor of 39659480?
True
Is 39184915 a multiple of 552?
False
Is 152 a factor of 1815379016?
True
Does 1865 divide 3784305070?
True
Is 1960937 a multiple of 604?
False
Is 4004 a factor of 3900816601?
False
Is 7 a factor of 106627080?
True
Does 8 divide 29322720?
True
Is 12 a factor of 41960997?
False
Is 643447107 a multiple of 170?
False
Does 350 divide 70162750?
True
Does 10 divide 554730?
True
Is 4156 a factor of 2897272280?
True
Is 130467375 a multiple of 3999?
True
Is 190202082 a multiple of 173?
True
Does 9 divide 9140346?
True
Is 11 a factor of 321486693?
True
Is 386 a factor of 61044149?
False
Is 82 a factor of 94540818?
False
Does 23 divide 1987361?
True
Does 3 divide 21375225?
True
Does 105 divide 14269080?
True
Is 42284446 a multiple of 13?
False
Is 2 a factor of 10227187?
False
Does 10 divide 889050190?
True
Does 5202 divide 7245303984?
True
Is 1599335647 a multiple of 136?
False
Does 16 divide 154407168?
True
Does 3 divide 17509326?
True
Is 2684 a factor of 430057999?
False
Is 2706150920 a multiple of 44?
True
Is 545656585 a multiple of 4608?
False
Does 684 divide 1634872176?
True
Does 169 divide 1435486?
True
Does 10 divide 42977312?
False
Is 35943039 a multiple of 9?
True
Is 3006372320 a multiple of 14?
True
Is 18154785 a multiple of 11?
True
Is 139 a factor of 225479932?
False
Is 10831686 a multiple of 206?
True
Is 227898945 a multiple of 12?
False
Is 35440257 a multiple of 281?
False
Does 208 divide 149494592?
True
Does 1061 divide 2977910652?
False
Is 241413832 a multiple of 2?
True
Does 14 divide 19562550?
True
Does 67 divide 869479985?
False
Is 8 a factor of 736633640?
True
Is 44070 a multiple of 217?
False
Is 3 a factor of 415397?
False
Is 317823120 a multiple of 20?
True
Does 2 divide 136099371?
False
Is 149174340 a multiple of 489?
True
Is 6 a factor of 710078578?
False
Does 271 divide 24937691?
True
Is 8 a factor of 1877454?
False
Is 162906227 a multiple of 7044?
False
Is 3736353339 a multiple of 29?
False
Does 29 divide 622440224?
True
Does 914 divide 183720398?
True
Is 53261520 a multiple of 1560?
True
Does 57 divide 5298207?
True
Does 5720 divide 301983734?
False
Does 15 divide 49808823?
False
Is 10635178 a multiple of 7?
False
Is 3284525153 a multiple of 13?
True
Is 70236138 a multiple of 775?
False
Is 128 a factor of 1633154541?
False
Does 23 divide 3675099?
False
Does 1422 divide 1815803960?
False
Does 2847 divide 367568752?
False
Is 453 a factor of 2477004?
True
Does 5 divide 5145117?
False
Is 11 a factor of 109417580?
False
Does 7 divide 11033117?
False
Is 76 a factor of 3571816317?
False
Does 1247 divide 82075077?
False
Does 12 divide 110944884?
True
Does 1029 divide 64712781?
True
Is 92862258 a multiple of 48?
False
Is 363 a factor of 124209888?
True
Is 7575039 a multiple of 21?
False
Does 81 divide 1932543441?
True
Is 650155301 a multiple of 84?
False
Does 49 divide 761124778?
False
Is 95418979 a multiple of 411?
False
Is 33 a factor of 1729020?
False
Is 915948 a multiple of 12?
True
Is 11 a factor of 152992840?
True
Is 18493704 a multiple of 400?
False
Is 127 a factor of 7035292?
True
Is 308584520 a multiple of 2?
True
Does 229 divide 129756667?
True
Is 2131 a factor of 120099548?
False
Does 15 divide 275577565?
False
Does 15 divide 249742230?
True
Does 1746 divide 19003464?
True
Is 15 a factor of 563591649?
False
Is 179773178 a multiple of 142?
False
Is 1899274 a multiple of 442?
True
Does 10 divide 313125?
False
Is 5624159492 a multiple of 7?
True
Is 415330048 a multiple of 424?
True
Is 30 a factor of 1249950?
True
Is 24 a factor of 115774428?
False
Is 33 a factor of 140924091?
True
Is 293629726 a multiple of 32?
False
Does 148 divide 130006326?
False
Does 153 divide 4653342?
True
Is 3391379811 a multiple of 6147?
True
Does 9 divide 14565901?
False
Is 21066298 a multiple of 187?
True
Is 3188 a factor of 26109247?
False
Does 2600 divide 77337000?
True
Is 161923576 a multiple of 573?
False
Does 179 divide 866657140?
True
Does 205 divide 92418100?
True
Does 14 divide 37554076?
True
Does 10752 divide 3734636290?
False
Is 17122926 a multiple of 390?
False
Does 2412 divide 1111192641?
False
Is 1955 a factor of 3178085145?
True
Is 1242 a factor of 80385279?
False
Is 11 a factor of 825962417?
False
Is 308899575 a multiple of 4396?
False
Is 29 a factor of 16645565?
True
Is 26234379 a multiple of 9?
True
Is 60965 a multiple of 89?
True
Is 139748544 a multiple of 76?
False
Is 41 a factor of 8745213?
False
Does 18 divide 6421986?
True
Is 19 a factor of 1321737289?
False
Is 1220 a factor of 1375225777?
False
Is 102343691 a multiple of 318?
False
Does 5 divide 8955280?
True
Is 2254240557 a multiple of 27?
True
Is 243 a factor of 447644637?
True
Does 7 divide 29122255?
False
Is 2022 a factor of 25569073?
False
Is 54 a factor of 22094709?
False
Is 2 a factor of 10714810?
True
Does 37 divide 11563809?
False
Does 163 divide 849016118?
False
Is 42516208 a multiple of 14?
True
Does 57 divide 197890890?
True
Is 39 a factor of 608466759?
False
Does 106 divide 43808865?
False
Is 144549830 a multiple of 30?
False
Does 1673 divide 8467046308?
True
Is 30069768 a multiple of 12?
True
Does 6 divide 5214612?
True
Is 3394332876 a multiple of 132?
True
Does 14 divide 24358358?
False
Does 794 divide 45362314?
False
Does 2205 divide 519151815?
True
Does 22 divide 9041912?
True
Does 929 divide 62700545?
False
Is 4560180 a multiple of 6?
True
Is 7 a factor of 96320952?
True
Does 725 divide 41417075?
True
Is 2 a factor of 786997?
False
Is 6307816 a multiple of 136?
True
Does 175 divide 488763928?
False
Is 15538766 a multiple of 29?
False
Is 7 a 